Let q(u) be the second derivative of -1/20*u**5 + 2*u - 1/3*u**4 - 1/6*u**3 + 0 - 1/2*u**2. Let c = -101 + 97. Determine q(c).
3
Let k(s) = s**2 - 1. Let i(f) = f**3 + 18*f**2 + 12*f - 9. Let b(t) = i(t) - 6*k(t). What is b(-11)?
-14
Let t(w) = w + 1. Let p be -7*(-1)/(-1)*5. Let l = 29 + p. Give t(l).
-5
Let t(v) = v. Let z(y) = 2*y**2 + 4*y + 5. Let n be z(-4). Let b be n*(-1)/(-9)*3. Suppose 2 + b = -3*o. What is t(o)?
-3
Let i(l) = -l**3 - l**2 + 1. Let h be i(-2). Suppose 6*a - h*a = 0. Let n(g) = -18 - g - 1 + 37 - 20. What is n(a)?
-2
Let h(n) = 62*n + 15. Let o(f) = -12*f - 3. Let g(c) = -2*h(c) - 11*o(c). What is g(5)?
43
Let h(r) = 37*r - 9*r**2 - 3*r**3 + 4*r**3 - 69*r + 34*r - 21. What is h(9)?
-3
Let x(i) be the third derivative of -6*i**2 - 1/8*i**4 + 0*i - 1/120*i**6 + 0*i**3 - 1/20*i**5 - 3. Give x(-3).
9
Let g(r) = -r**2 + 2*r - 4. Let p(q) = q**3 - 4*q**2 - 14*q + 16. Let w be p(6). Calculate g(w).
-12
Let c(i) = i**3 + i + 1. Suppose 9 = -3*b - 6*b. Let o(h) = 7*h**3 + 5*h**2 + 7*h + 6. Let p(n) = b*o(n) + 6*c(n). Determine p(-4).
-12
Let u(i) = -6*i**2 - 4*i - 1. Let g be u(-2). Let y(f) = 11*f + 1. Let z(j) = -32*j - 3. Let o(l) = g*y(l) - 6*z(l). What is o(-4)?
-19
Let c be 1/(-1 - -2) + -2. Let k be -9 + 5 - (2 + c). Let v(n) = n**2 + 6*n + 5. Give v(k).
0
Let q(k) be the third derivative of 5*k**4/24 + k**3/6 - 69*k**2. What is q(-3)?
-14
Suppose 48*l - 315 = 27*l. Let p(w) = -w**2 + 17*w + 19. Calculate p(l).
49
Let i be 4 - -3*14/6. Let w(r) = -i*r**2 - 2*r + 21 - 4*r + 7*r - 20. Calculate w(-1).
-11
Let i = -379 - -372. Let f(r) = -2*r**2 - 4*r - 7. Calculate f(i).
-77
Let o(k) = -k - 5. Let s be o(-7). Let y(g) = 4*g + 5. Let h(c) = 11*c + 14. Let r(d) = 6*h(d) - 17*y(d). Give r(s).
-5
Suppose -5*f - 3*c = -17, -f - f - 3*c + 14 = 0. Let s = 4 + -4. Let l(z) = -1 - 3*z**3 + 2 + s*z**3 - z. Determine l(f).
-3
Suppose -3*u + 3*p = -14 - 4, -2*u - 5*p = -5. Let n(j) = -j**2 + 5*j - 2. Give n(u).
-2
Let q be 1 - -1 - (14 - 14). Let i(j) = j. Determine i(q).
2
Let f(d) be the second derivative of d**3/3 - 8*d**2 + 298*d + 2. Give f(8).
0
Let k(i) = -3*i**3 + 4*i**3 + 0*i**3 - i**2. Let y = 197 - 199. Determine k(y).
-12
Let h = 85 + -86. Let u(y) = -14*y + 8. Let d(t) = 13*t - 7. Let p(j) = -7*d(j) - 6*u(j). What is p(h)?
8
Let r(k) = -k - 19. Suppose -4*d - 15 = 53. Calculate r(d).
-2
Let y = 30 - 31. Let g = 4 + y. Let n(z) = z**2 - 4*z. What is n(g)?
-3
Let i be (-1)/(36/(-456)) - (-1)/3. Let q(k) = -k**3 + 14*k**2 - 13*k - 11. What is q(i)?
-11
Let k(v) = -v - 1. Let d(s) = s**2 - 14*s - 16. Let w be d(15). Let q(y) = -5*y + 5. Let n(m) = w*q(m) - 6*k(m). Suppose 5*f = 3*r + 2, -f + 4 = 3*f. Give n(r).
12
Let j(i) be the first derivative of 2*i**3/3 - 2*i**2 + 5*i - 17. Calculate j(4).
21
Let u = 6 - 3. Let q = u - 1. Suppose -a - 1 = q. Let c(s) = s**3 + 2*s**2 - 3*s - 2. Determine c(a).
-2
Let a be 2/3 - (-21)/9. Let w(n) = 29*n**2 - 2 - 30*n**2 + a*n - 1 - n. What is w(4)?
-11
Let i(d) be the first derivative of d**3/3 + 4*d**2 + 7*d + 2. Let l(t) = -t**3 - 2*t**2 + 5*t. Let u be l(-4). Let o be (u/(-14))/((-2)/(-14)). Determine i(o).
-5
Suppose 3*k - 8 = 4. Let v(g) = -5 - 4*g - 1 + 8 + 0. Calculate v(k).
-14
Let o(k) be the third derivative of -5/3*k**3 + 0*k + 7/24*k**4 - k**2 + 0 + 1/60*k**5. Suppose 2*j - 3*q = -4, 16*j + 4 = 17*j - 3*q. Give o(j).
-2
Let o(g) = -2*g**2 + 52*g - 17. Let k(h) = h**2 - 18*h + 6. Let j(z) = 17*k(z) + 6*o(z). Determine j(-4).
56
Let w(s) be the first derivative of s**4/4 - 5*s**3/3 + s**2 - 6*s - 3. Let z = 4163 - 4158. Calculate w(z).
4
Let r(f) be the third derivative of -f**4/12 - 7*f**3/6 + 605*f**2. Calculate r(0).
-7
Let q be 0/8*1/(-2). Let r(y) = -y - 7. Let f(m) = m + 7. Let x(l) = 4*f(l) + 3*r(l). What is x(q)?
7
Let m(z) be the second derivative of 11/12*z**4 + 0*z**2 + 0 + 0*z**3 - z. Determine m(-1).
11
Let l(b) be the third derivative of b**5/30 - b**4/8 + b**3/2 + 54*b**2 + b. Determine l(2).
5
Let f(u) = 2*u + 0*u - 4*u. Suppose -7*a - 6 = -9*a. Suppose 0*l - 4*w - 11 = a*l, 0 = -5*w - 10. What is f(l)?
2
Let r = -6 + -2. Suppose -5*z = 0, 3*m + z - 44 = -m. Let l = m + r. Let i(u) = u**2 - 3*u + 4. Give i(l).
4
Let h(i) = i**3 - 2*i - 1. Let l(g) = -15*g + 77. Let s be l(5). What is h(s)?
3
Let n(o) be the first derivative of -1/2*o**2 + 11 - 1/20*o**5 + 8*o + 1/6*o**4 + 2/3*o**3. Let m(f) be the first derivative of n(f). Give m(3).
2
Let v(a) = a**3 + 8*a**2 - 9*a + 4. Let t be v(-9). Let l(y) = 9 - 5 + 1 + 5*y - 11*y. What is l(t)?
-19
Suppose -3*g - 3*d = -15, 5*g = d + 4*d + 5. Let u be 16/40 - g/(-5). Suppose u - 7 = -o. Let k(a) = a**2 - 4*a - 5. Give k(o).
7
Let j be 22/6*3 + -1. Let c be (-2)/1 + 1 + j. Let l(m) = 2*m + 6*m**2 - 2 - c*m**2 + 0*m**2 + m**3. Determine l(3).
4
Let g(v) = -v**3 + 10*v**2 + 12*v + 2. Let j = -303 - -314. Calculate g(j).
13
Let h(b) = b - 12*b**3 - 12*b**3 + 11 + 25*b**3 + 12*b**2. Let k be h(-12). Let c(w) = -11*w**2 + w. Give c(k).
-12
Suppose 0 = -2*t - 5*a + 10, 2*a = t - 37 + 14. Let o(c) = c**2 - 16*c + 17. Let d be o(t). Let y(v) = -4*v + 1. Determine y(d).
-7
Let b be 37/5 + (-2)/5. Let v(p) = 2*p - 9. Let o be v(b). Let y(c) = -c - 7. Let g(w) = -w - 9. Let j(i) = -6*g(i) + 7*y(i). What is j(o)?
0
Let p = 5 + -3. Suppose 2*c + p = c. Let h(f) be the first derivative of -f**2 - 3*f - 767. Calculate h(c).
1
Suppose -5*q + 30 = 127*y - 131*y, -3*y = q + 13. Let f(w) = 8*w**3 - w. Calculate f(q).
62
Let w be (-180)/(-8)*4/3. Suppose -g + 4*g + w = 0. Let i be (-3)/(-2)*g/(-15). Let l(d) = d**3 + d**2 + d - 1. Give l(i).
2
Let m(o) = 45 + 39 - 83 + 6*o**2 + o**3 - 7*o. Calculate m(-7).
1
Suppose -2*p + 15 = 5*i, 5*p - 3*p + i - 3 = 0. Let m(w) = w**2 + w**2 - 4*w**2 + w**2 - w - 10. Calculate m(p).
-10
Let f be 4/(-8*(-1)/6). Suppose -2*b + f = -r + 2*r, -2*r + 4 = 2*b. Let q(a) = r - 4 - a - 1 - a. Calculate q(-7).
10
Let q(x) = -27*x - 313. Let k be q(-11). Let z(y) = y + 3. Calculate z(k).
-13
Let r(y) be the third derivative of -y**5/60 - y**4/6 - 2*y**2. Let x = -51 - -47. Give r(x).
0
Let y(s) = -2*s**2 - 9*s - 4. Let t be (-12)/(-28) + (-31)/7. Give y(t).
0
Let u(q) = 2*q + 24. Let w(s) = -s. Let m(p) = -u(p) - 3*w(p). What is m(12)?
-12
Suppose 2*j - 4 = 5*h - 34, -5*h + 10 = 2*j. Suppose 3*f - 3 = 3*d, 3*f - 10 = -0*f - h*d. Let l(b) = f*b**2 + 4*b - b**2 - b. Calculate l(-3).
0
Suppose -3*v + 8 + 37 = -4*h, 3*h - 24 = -3*v. Let q(n) = 14 + n + v*n + 2*n - 15*n. Calculate q(0).
14
Let z(c) = -4*c - 2. Let g(j) = -j**2 - 31*j + 8. Let n(t) = g(t) - 4*z(t). What is n(-15)?
16
Let d(u) be the second derivative of -u**4/6 + 7*u**3/2 + 8*u**2 - 5*u - 39. Determine d(11).
5
Suppose -k = -4*v - 2*k + 16, -12 = -3*k. Let y(p) = -p**3 + 4*p**2 - 8*p + 4. Give y(v).
-11
Let n(g) = -2*g**2 + 0*g**2 - 99*g + 105*g - 2. What is n(4)?
-10
Let l be (11 - -13)*(-26)/(-8). Let k(y) = 34 - y + 36 - l. Determine k(9).
-17
Let r(v) = v**2 + v - 4. Let d(j) = -j**2 + 3. Let z(y) = -4*d(y) - 5*r(y). Let f be (2 - 14/4) + 22/(-4). Let i be f + (3 - (7 + -4))/(-2). Determine z(i).
-6
Let z(v) = 3*v**3 + 3*v**2 - 5*v. Let h(r) = -16*r**3 - 16*r**2 + 26*r + 1. Let y(a) = -2*h(a) - 11*z(a). What is y(-3)?
7
Let i(q) = -2*q + 7. Let t be i(0). Let b(h) = -10*h**2 - 3*h - 35. Let a(g) = -3*g**2 - g - 12. Let x(m) = t*a(m) - 2*b(m). Calculate x(0).
-14
Let m(f) = -f**3 - 5*f**2 - 5*f - 4. Let i = -677 - -672. What is m(i)?
21
Let i(m) = -2*m - 6. Let t(w) = w - 7. Let h be t(8). Let v be ((-2 + -3)*h)/1. Let s be i(v). Let u(o) = o**3 - 4*o**2 - 3. Determine u(s).
-3
Let i(n) = n**3 - 2*n**2 - 4*n + 2. Let g = 23 + -21. Suppose -1 - g = -z. Calculate i(z).
-1
Suppose -3*x = 3*l + 2*x - 19, -2*l + 5*x - 4 = 0. Let n(i) = -l*i + 3*i + 0*i - i. Suppose -d - u - 2 = 0, 4*u = 2*u + 8. Determine n(d).
6
Let g(k) = k**2 - 4*k. Let t(d) = d**3 - 8*d**2 + 12*d + 6. Let r be t(6). Determine g(r).
12
Suppose 2*f + 88 - 66 = 4*q, -5*f + 2*q = 15. Let u(r) = -41*r**2 + 1. Give u(f).
-40
Let t(o) = o. Let w be t(5). Suppose 8 = w*b - 22. Let x(d) = -d**3 + 7*d**2 - 6*d + 9. Determine x(b).
9
Let k(p) be the third derivative of p**5/60 - 11*p**4/24 + p**3/3 - 96*p**2. Calculate k(8).
-22
Let h(n) be the third derivative of n**6/360 + n**5/120 - 5*n**4/24